) = z + 8. Let w be j(g). Suppose -41 = -u - 3*q, w*q - 7*q = -5*u + 165. Calculate the remainder when u is divided by 9.
8
Let j be -1 + (-2)/1 - -8. Suppose -18 = -2*h + 3*x + x, -97 = -j*h - 3*x. What is the remainder when 49 is divided by h?
15
Suppose 3*a = 7*a - 108. Calculate the remainder when a is divided by 12.
3
Suppose -3*m + 8 = -37. What is the remainder when ((-4)/(-10))/(1 - (-282)/(-285)) is divided by (-6)/(-9)*m*1?
8
Let b(w) be the first derivative of -w**4/4 - w**3 - w**2/2 + 4*w + 6. Calculate the remainder when b(-3) is divided by 5.
2
Suppose -5*d + 31 = -94. What is the remainder when d is divided by 13?
12
Suppose 0 = 3*g + g + 192. Let p = -14 - g. Suppose 4*c - p - 102 = 0. Calculate the remainder when c is divided by 12.
10
Let n = 11 - 4. What is the remainder when (20/(-3))/(2/(-6)) is divided by n + 4/2 + -2?
6
Let a be 0/1*1/1. Let b = a - -4. Let l = b + 11. What is the remainder when 27 is divided by l?
12
Calculate the remainder when ((-1071)/(-21))/((-6)/(-4)) is divided by 9.
7
Let p = 3 + 14. Let a = p + 8. What is the remainder when a is divided by 9?
7
Suppose -77 = 9*k - 221. Calculate the remainder when 44 is divided by k.
12
Suppose -3*r - 23 = -4*o, -r = 3*r + 4. Calculate the remainder when 6 is divided by o.
1
Suppose -2*k + 4 = -3*g + 1, k + 1 = 4*g. Suppose 0 = 5*r - 5*n, 2*r + k*r = 2*n + 12. Calculate the remainder when 6 is divided by r.
2
Let d(w) = 2*w**3 - 2*w**2 + 3*w - 6. What is the remainder when 231 is divided by d(3)?
36
Suppose -z + 6 = 5*d - 12, 24 = 3*z + 5*d. Let x = 3 + z. What is the remainder when 10 is divided by x?
4
Let s = 2 + 2. Let d = 6 + -3. Suppose -2*n + 3 = -x, d*x - 5*x = 3*n - 8. What is the remainder when s is divided by n?
0
Suppose -524 + 154 = -5*t. Calculate the remainder when t is divided by 19.
17
Let h(n) = 4*n**3 - 4*n + n - 5*n**3 + 4*n**2. Let y be h(2). Suppose y*j - 4*g - 2 = -0*j, -4*j + 16 = -4*g. What is the remainder when j is divided by 4?
3
Let o(m) = -m**2 - 18*m - 10. Let x = 51 + -35. What is the remainder when o(-12) is divided by x?
14
Let h = 23 + -5. Calculate the remainder when 52 is divided by h.
16
Suppose -a = -5*a, -2*k - 2*a + 36 = 0. Calculate the remainder when k is divided by 10.
8
Suppose 5*f + 0*f = 400. What is the remainder when (-4 + -2)*f/(-15) is divided by 11?
10
Suppose 63*v - 36 = 61*v. Let a(h) be the second derivative of h**4/3 - h**2 - 2*h. What is the remainder when a(-3) is divided by v?
16
Suppose -3*s - 99 = -3*q - q, 0 = q - s - 24. Calculate the remainder when q is divided by 15.
12
Let v = 34 - 19. Let k = 4 + 0. Calculate the remainder when v is divided by k.
3
Calculate the remainder when 31 is divided by (-5)/((-15)/4) + (-105)/(-9).
5
Let m = 34 + -19. Suppose -q + 10 = -2*y + 131, -5*y + 4*q + 307 = 0. Calculate the remainder when y is divided by m.
14
Let i(r) = -16*r + 1. Let w(q) = q**2 + 6*q - 10. Let x be w(-9). Suppose -k = -49 + x. Calculate the remainder when k is divided by i(-1).
15
Let d be (-6)/(-9) - (-574)/(-6). Let u be d/((-9)/(-6) - 2). Suppose 5*o + 0*o - k = u, 0 = -5*k. Calculate the remainder when o is divided by 20.
18
Calculate the remainder when 4/6 + 186/18 is divided by 7.
4
Let t(s) = -8*s - 1. What is the remainder when t(-1) is divided by (-76)/(-19) - (-1 - 0)?
2
Calculate the remainder when 14 is divided by 7/(-49) + 22/7.
2
Suppose -5*c - 1 = 4. Let s(i) = -35*i. What is the remainder when s(c) is divided by 12?
11
Let f = 24 + 20. What is the remainder when 18 is divided by (-10)/30 - f/(-6)?
4
Suppose 3*r - 2*m - 8 = 7, r + 5*m = 22. Let s(t) = 2*t**2 - 2*t - 2. Let x be s(2). Suppose -x*p + 3 = -r. What is the remainder when 9 is divided by p?
4
Suppose 2*v = -2*v + 80. What is the remainder when v is divided by 11?
9
Suppose 2*a + 134 = 2*s + 22, 5*a = -s + 32. Suppose 155 = 5*i + 4*m, -4*i + 8*i - 113 = -m. Let d = s - i. What is the remainder when d is divided by 13?
12
Suppose 23*u - 17*u = 42. Calculate the remainder when u is divided by 3.
1
Let p = 2 - -2. Suppose -1 - p = -n. Calculate the remainder when 19 is divided by n.
4
Suppose 0 = 5*d + 4*k - 77 - 53, -3*d + 105 = -3*k. What is the remainder when d is divided by 11?
8
Let r be (-2 - (-548)/16)*-4. Let a = r - -207. What is the remainder when a is divided by 27?
24
Suppose 4*d = 5*d - 31. Calculate the remainder when d is divided by 12.
7
Suppose 70*w - 70 = 63*w. What is the remainder when 30 is divided by w?
0
Let s = 12 + -6. What is the remainder when (33/2)/(s/8) is divided by (6/7)/((-1)/(-14))?
10
Suppose 152 = -0*m + 2*m. What is the remainder when m is divided by -13*(1 + -3 - 0)?
24
Suppose 6*t - 4*t = 20. Calculate the remainder when 49 is divided by t.
9
Let s = 33 + -14. Let i = 32 - s. What is the remainder when 23 is divided by i?
10
Let j(t) = -t**2 + 9*t + 15. Calculate the remainder when j(10) is divided by 2.
1
Calculate the remainder when 27 is divided by 1*60/8*2.
12
What is the remainder when 1*(27 + 3/(-1)) is divided by 13?
11
Let l(v) = 4*v - 6. Let u be l(10). Suppose -2*p + 0*p = -u. Suppose -30 = -4*s + 10. What is the remainder when p is divided by s?
7
Suppose 5*o - 70 = 25. Suppose 2*d - 5*b = -d + 19, -5*d + 2*b + o = 0. What is the remainder when 6 is divided by d + (-2)/(-2) + 0?
2
Let f be (-2)/(-8) + (-227)/(-4). Suppose 0 = 5*w - 2*h - f, 2*w - 3*w - 2*h + 21 = 0. Calculate the remainder when 50 is divided by w.
11
Suppose -6*n = -98 - 28. What is the remainder when n is divided by 11?
10
Let s(c) be the first derivative of -c**3/3 - 4*c**2 - 7*c - 2. Calculate the remainder when 22 is divided by s(-5).
6
Let s(n) = 2*n + 3. Let m be s(4). Let z = 25 - m. What is the remainder when z is divided by 4?
2
Let f = 3 - -1. Suppose 3*g = -4*q + 55, -9 - 14 = -3*g + f*q. Let n = 117 + -110. What is the remainder when g is divided by n?
6
Suppose 5*o - i - 66 = 2*i, 0 = o + 3*i - 6. What is the remainder when (3 - 3) + -1 - -46 is divided by o?
9
Suppose -3*t + 3*s = -33, -s + 1 + 0 = t. Let v be t/21 - 24/(-14). Suppose 4*q - v*q = 54. Calculate the remainder when q is divided by 14.
13
Let i = -4 + 7. Suppose i*b = b + 122. What is the remainder when b is divided by 21?
19
Let l be (-1*1)/((-1)/4). Suppose l*o - 10 = 3*o. Let t = o + 10. What is the remainder when t is divided by 11?
9
Suppose 2*x + 3*x = -5. Let t be 0/(-2) + 23 + x. Let p = 32 - t. What is the remainder when 29 is divided by p?
9
Let y(n) = 39*n**2 + 2*n + 1. Suppose -4*s = s + 5. What is the remainder when y(s) is divided by 13?
12
Let j(m) = m**3 + 7*m**2 - 8*m + 4. Let d be j(-8). Suppose n - 25 = -d*z, -z - 4*n - 14 = -4*z. What is the remainder when 16 is divided by z?
4
Suppose 0*y = -y. Suppose a - 2*a + 7 = y. Suppose 4*t - 48 = 4*x, 0*t - 2*t = -3*x - 24. What is the remainder when t is divided by a?
5
Let q(g) = -g**2 + 22*g - 43. Calculate the remainder when q(18) is divided by 10.
9
Suppose -4*x + 0*x = -48. Let b = x + -5. What is the remainder when 13 is divided by b?
6
Suppose 5*d = -i - 10, 0 = 6*i - 2*i - 2*d - 26. Suppose o - 84 = i*f - 31, 2*o - 150 = -f. Calculate the remainder when o is divided by 25.
23
Let h = -15 - -34. Let u(q) = -q**3 + 11*q**2 - 16*q + 19. Calculate the remainder when u(9) is divided by h.
18
Let l(z) be the third derivative of -z**4/24 - z**3/6 - z**2. Let g = -4 - 1. What is the remainder when 6 is divided by l(g)?
2
Suppose 272 = -6*n + 2*n. Let f be n/(-18) - 4/(-18). Let h = 0 + f. What is the remainder when 15 is divided by h?
3
What is the remainder when 109 is divided by 418/18 - ((-14)/18 - -1)?
17
Let i = 72 - 55. What is the remainder when 49 is divided by i?
15
Let a = -8 - -13. Let m(o) = a + 3*o - o**2 - o - o**3 + 5*o. What is the remainder when m(-4) is divided by 9?
7
Let u(k) = 2*k**2 - 8*k + 8. What is the remainder when u(4) is divided by 6?
2
Let v(n) = -2*n + 2. Let r be v(3). Let f(l) = -l**3 - 3*l**2 - 7*l - 4. Suppose 14*s - 126 = 5*s. Calculate the remainder when f(r) is divided by s.
12
Let r(o) = o**3 - 11*o**2 + 10*o + 5. Suppose -s + 10 + 2 = 0. What is the remainder when s is divided by r(10)?
2
Suppose 3*l - b + 203 = 0, 4*l - 4*b + 282 + 2 = 0. What is the remainder when (-6)/(-9)*l/(-4) is divided by 3?
2
Let x = -60 + 88. Let